 highest common factor of 584 and 843734?
146
Calculate the highest common factor of 1808 and 20453.
113
Calculate the highest common divisor of 1625653 and 87.
29
What is the highest common factor of 699324 and 707?
101
Calculate the greatest common divisor of 44233 and 339451.
497
What is the greatest common divisor of 3700 and 940?
20
What is the greatest common factor of 2214 and 108?
54
What is the greatest common factor of 249604 and 4?
4
Calculate the highest common factor of 173230 and 170.
170
Calculate the greatest common divisor of 714 and 5746.
34
What is the greatest common factor of 6346 and 4712?
38
Calculate the greatest common factor of 268 and 20.
4
Calculate the greatest common divisor of 742850 and 358.
358
Calculate the greatest common factor of 134580 and 24.
12
What is the greatest common divisor of 1591089 and 502?
251
What is the highest common divisor of 190 and 170270?
10
Calculate the greatest common divisor of 465620 and 124.
124
Calculate the greatest common factor of 686 and 62034.
98
What is the greatest common factor of 932 and 3343550?
466
Calculate the greatest common divisor of 50 and 170600.
50
What is the greatest common divisor of 78 and 21786258?
78
What is the highest common divisor of 386 and 136837?
193
What is the greatest common factor of 19 and 4501119?
19
Calculate the greatest common divisor of 46892 and 836.
76
Calculate the highest common divisor of 924 and 946.
22
What is the greatest common factor of 160 and 2249120?
160
What is the highest common factor of 50512 and 97328?
1232
Calculate the highest common divisor of 62 and 418996.
62
What is the highest common divisor of 36 and 6067260?
36
What is the greatest common factor of 3910099 and 365?
73
What is the greatest common factor of 101432 and 496?
248
What is the greatest common factor of 19916 and 728?
52
Calculate the highest common factor of 464 and 648.
8
Calculate the highest common divisor of 63 and 114786.
63
What is the highest common divisor of 6160 and 11480?
280
Calculate the greatest common divisor of 3569 and 10019.
43
What is the greatest common factor of 16507 and 51?
17
What is the greatest common divisor of 157395 and 42?
21
What is the highest common factor of 581226 and 1022?
146
What is the highest common divisor of 23141 and 146?
73
Calculate the greatest common divisor of 440 and 10945.
55
What is the greatest common factor of 245 and 5095?
5
What is the highest common divisor of 56 and 328076?
28
What is the greatest common divisor of 705340 and 5?
5
Calculate the highest common factor of 21526 and 752.
94
What is the highest common factor of 275 and 16885?
55
What is the greatest common divisor of 8173 and 176?
11
What is the greatest common factor of 41673 and 435?
87
Calculate the highest common divisor of 21155 and 5.
5
Calculate the highest common divisor of 11 and 332486.
11
Calculate the highest common factor of 1978890 and 60.
30
What is the highest common factor of 10524 and 228?
12
What is the highest common factor of 17593 and 146?
73
Calculate the greatest common divisor of 693 and 7679.
7
What is the greatest common divisor of 191 and 18718?
191
What is the highest common factor of 951 and 6149166?
951
Calculate the highest common divisor of 2435 and 25.
5
What is the highest common factor of 40386 and 36093?
159
Calculate the greatest common divisor of 53737 and 218.
109
Calculate the greatest common divisor of 70 and 1008640.
10
Calculate the highest common divisor of 164619 and 18.
9
Calculate the greatest common divisor of 62036 and 260.
52
What is the highest common factor of 90700 and 100?
100
Calculate the highest common divisor of 42 and 774606.
42
Calculate the highest common factor of 3485232 and 144.
144
Calculate the greatest common divisor of 552 and 12168.
24
Calculate the greatest common factor of 101 and 34946.
101
What is the highest common factor of 820878 and 6?
6
Calculate the greatest common divisor of 154 and 6312922.
154
Calculate the highest common factor of 3227 and 16163.
7
Calculate the highest common divisor of 1535819 and 47.
47
Calculate the greatest common factor of 388 and 250.
2
Calculate the greatest common divisor of 10665712 and 16.
16
Calculate the greatest common factor of 185472 and 21.
21
Calculate the highest common divisor of 28476 and 1008.
252
Calculate the greatest common divisor of 39 and 81159.
39
What is the greatest common factor of 63 and 123578?
7
What is the highest common factor of 66 and 10169346?
66
Calculate the greatest common divisor of 466918 and 157.
157
Calculate the greatest common divisor of 10 and 19330.
10
Calculate the highest common divisor of 15 and 9115.
5
What is the highest common divisor of 56 and 477624?
56
What is the greatest common divisor of 185054 and 737?
67
What is the greatest common factor of 429 and 35640?
33
Calculate the greatest common factor of 176 and 957.
11
Calculate the highest common factor of 15521 and 548879.
1411
Calculate the highest common factor of 344 and 1775470.
86
What is the highest common divisor of 1431 and 6412788?
477
Calculate the highest common factor of 1536500 and 700.
700
What is the highest common divisor of 610 and 100589?
61
What is the greatest common factor of 17464 and 1036?
148
Calculate the highest common divisor of 1464 and 444.
12
What is the highest common factor of 1127415 and 15?
15
Calculate the greatest common factor of 250 and 91570.
10
What is the highest common divisor of 104975 and 2431?
221
Calculate the greatest common factor of 246 and 148502.
82
What is the highest common divisor of 308180 and 95?
95
Calculate the greatest common divisor of 3277 and 2825.
113
Calculate the greatest common divisor of 116919 and 1782.
99
Calculate the greatest common divisor of 179 and 218738.
179
Calculate the greatest common factor of 4556801 and 1228.
307
What is the greatest common factor of 2172 and 732?
12
What is the highest common factor of 19475 and 454075?
1025
What is the highest common divisor of 210 and 2933?
7
What is the greatest common factor of 2834 and 137994?
218
What is the greatest common divisor of 565764 and 96?
12
What is the highest common divisor of 190933 and 2586?
431
Calculate the highest common divisor of 495 and 7470.
45
Calculate the greatest common divisor of 208 and 28224.
16
What is the greatest common divisor of 15632 and 544189?
977
Calculate the greatest common divisor of 2125 and 4845.
85
Calculate the highest common divisor of 5344 and 8416.
32
What is the greatest common factor of 310656 and 352?
32
Calculate the highest common divisor of 285 and 6970530.
285
Calculate the highest common divisor of 115216 and 80.
16
Calculate the greatest common factor of 6 and 14.
2
Calculate the highest common factor of 9434 and 2173.
53
Calculate the greatest common factor of 2280 and 3702.
6
Calculate the highest common factor of 910 and 45206.
14
Calculate the greatest common divisor of 2295 and 2958.
51
What is the greatest common divisor of 251910 and 60?
30
Calculate the highest common divisor of 361416 and 440.
88
What is the highest common factor of 40696 and 24?
8
What is the greatest common divisor of 347 and 488?
1
Calculate the highest common divisor of 42731 and 1729.
247
What is the greatest common factor of 3416 and 3192?
56
What is the highest common factor of 11509 and 1394?
17
Calculate the greatest common factor of 89 and 7857454.
89
Calculate the greatest common divisor of 192 and 8368.
16
What is the greatest common divisor of 6636 and 12852?
84
What is the highest common divisor of 552 and 108422?
46
What is the greatest common divisor of 881053 and 5139?
571
Calculate the greatest common divisor of 269636 and 8.
4
Calculate the greatest common factor of 8848 and 280.
56
What is the highest common divisor of 21 and 183099?
21
Calculate the greatest common divisor of 108306 and 6534.
198
What is the greatest common divisor of 965 and 185?
5
What is the highest common divisor of 33280 and 780?
260
What is the greatest common divisor of 13 and 6019?
13
Calculate the greatest common factor of 2 and 1195060.
2
Calculate the highest common divisor of 11005 and 85.
5
What is the greatest common factor of 4392 and 1176?
24
Calculate the highest 